onvert 203134 (base 5) to base 10.
6669
Convert -66573 (base 10) to base 13.
-243c0
Convert -84a17 (base 12) to base 15.
-36974
-11ba76d (base 14) to base 12
-2a29a79
What is -65143150 (base 7) in base 8?
-25145443
What is 520545 (base 7) in base 14?
24695
What is -143727 (base 10) in base 6?
-3025223
326234 (base 8) to base 16
1ac9c
Convert 21010010211 (base 3) to base 2.
100010001100100111
What is 223112232002 (base 4) in base 12?
3981142
Convert -302320333 (base 4) to base 6.
-4245011
What is -13687344 (base 9) in base 16?
-679954
857381 (base 9) to base 12
2075b4
211122222102 (base 3) to base 13
1280ab
What is 4012004 (base 5) in base 13?
22b04
What is 111110010001101000100 (base 2) in base 10?
2040644
Convert 263254 (base 7) to base 5.
3033221
What is 20113413 (base 5) in base 16?
272e3
Convert 838745 (base 10) to base 12.
345475
What is -110101301 (base 4) in base 3?
-11012221012
Convert -3450131 (base 6) to base 4.
-223113013
What is -68d4b0 (base 15) in base 8?
-23061556
36630635 (base 7) to base 9
6156015
What is 656a68 (base 16) in base 5?
3200141001
What is 24d302 (base 14) in base 16?
134fa6
Convert 2172607 (base 8) to base 11.
371147
221212102103 (base 4) to base 6
1025420455
2044540 (base 6) to base 11
68893
Convert -4166110 (base 11) to base 2.
-11100000000110010011011
Convert 10111012200011 (base 3) to base 2.
111000100101110000001
-89256 (base 11) to base 15
-28525
Convert 100010010111100 (base 2) to base 16.
44bc
What is 1021122111100212 (base 3) in base 9?
37574325
Convert -10000000100001010110010 (base 2) to base 5.
-2034231003
What is -13414 (base 7) in base 2?
-111000110101
215351 (base 8) to base 14
1c573
266712 (base 8) to base 9
152406
What is 1105402 (base 6) in base 8?
154552
100211120122101 (base 3) to base 12
1901147
419230 (base 10) to base 5
101403410
What is -100122121020001 (base 3) in base 15?
-6b4c57
Convert 21501640 (base 7) to base 2.
111000011100001011011
131021124 (base 6) to base 15
35b27a
10000100101110011110000 (base 2) to base 7
51652535
What is -180402 (base 11) in base 7?
-2240302
Convert 1000011111001000000100 (base 2) to base 12.
8b34b0
Convert -2c673 (base 13) to base 7.
-501426
What is 15b58 (base 12) in base 16?
7934
-310644 (base 8) to base 2
-11001000110100100
Convert -222310144 (base 5) to base 13.
-283693
What is -5600 (base 12) in base 15?
-2c39
Convert -14555064 (base 7) to base 11.
-870870
What is d6c68 (base 14) in base 12?
20bb50
Convert 333204 (base 7) to base 6.
1132003
What is 6b5b57 (base 13) in base 15?
356ed0
What is 10436211 (base 7) in base 8?
3336052
What is 2d6842 (base 16) in base 3?
12121012001012
What is 1265074 (base 8) in base 3?
200000210120
Convert -2342231 (base 5) to base 13.
-16a08
27789 (base 13) to base 15
16cec
30230231200 (base 4) to base 16
32cb60
What is 1d9b6 (base 14) in base 13?
287a1
What is 45a20 (base 13) in base 4?
132333201
Convert 16431133 (base 7) to base 8.
6075274
23911b (base 15) to base 10
1701251
Convert -32302013313 (base 4) to base 10.
-3875319
What is 4320650 (base 9) in base 4?
20311210110
Convert 10110011000100010001 (base 2) to base 10.
733457
-2087001 (base 9) to base 8
-4214332
What is -856344 (base 9) in base 7?
-4222312
What is -1135b5 (base 12) in base 7?
-2225345
Convert -2504364 (base 8) to base 7.
-5603613
What is -122159 (base 10) in base 2?
-11101110100101111
What is 13268 (base 9) in base 6?
105312
-112110120 (base 4) to base 14
-2545a
Convert -3040560 (base 7) to base 4.
-1120211112
Convert -44227 (base 16) to base 5.
-32412304
Convert 1546163 (base 7) to base 15.
43395
Convert -58aa1 (base 13) to base 3.
-22020111111
Convert 100011001101111101 (base 2) to base 5.
14104003
209330 (base 11) to base 9
558731
-12221132020 (base 4) to base 15
-24656d
111100011010100 (base 2) to base 16
78d4
Convert 23240303 (base 5) to base 3.
101202202010
234000 (base 8) to base 4
103200000
What is -611101 (base 12) in base 4?
-11302001101
11777a (base 11) to base 16
2d657
3012140 (base 5) to base 8
135263
Convert 37b33 (base 15) to base 10.
178023
What is 294401 (base 11) in base 16?
703a0
291495 (base 13) to base 14
1c1566
Convert -3a26e (base 16) to base 13.
-84554
What is -a4eb4 (base 15) in base 8?
-1775475
What is -c7343 (base 14) in base 9?
-812534
Convert -339106 (base 14) to base 9.
-3262454
Convert -225344531 (base 6) to base 11.
-23a6a71
Convert -17dd8 (base 16) to base 15.
-1de6c
Convert 3213535 (base 6) to base 8.
463743
-f6bf (base 16) to base 14
-1903d
-39da1 (base 15) to base 10
-185326
What is 16457304 (base 9) in base 10?
8245966
What is -2177215 (base 8) in base 14?
-114b5b
Convert -4046125 (base 7) to base 14.
-c7abc
Convert -112012222221001 (base 3) to base 11.
-42a2669
-1252347 (base 10) to base 14
-248575
What is -68ab84 (base 12) in base 8?
-6315024
Convert 11102225 (base 6) to base 15.
6935e
-111110101111110110 (base 2) to base 7
-2120212
Convert -1442321 (base 5) to base 3.
-1120110201
What is 321035 (base 8) in base 4?
122020131
-21120221222 (base 3) to base 15
-2e412
Convert 362816 (base 15) to base 14.
4b607c
What is 34623323 (base 7) in base 2?
1011101000001001111110
Convert 3098069 (base 13) to base 9.
30678218
648028 (base 12) to base 4
12010020200
Convert -133b2 (base 15) to base 7.
-344366
Convert 12807aa (base 12) to base 10.
3650674
-111000221022221 (base 3) to base 9
-14027287
758356 (base 14) to base 9
7434716
What is -26c3 (base 16) in base 9?
-14545
1c733 (base 14) to base 9
120725
What is -126322 (base 10) in base 4?
-132311302
421040113 (base 6) to base 12
2556039
What is -a92251 (base 11) in base 16?
-1aa157
Convert 110030233201 (base 4) to base 6.
305254121
What is -11010000011101000110110 (base 2) in base 10?
-6830646
What is -2146806 (base 12) in base 13?
-1401660
-3860646 (base 10) to base 12
-1362206
Convert 350679 (base 10) to base 6.
11303303
What is -3011012021 (base 4) in base 15?
-10e305
-2322045 (base 6) to base 4
-131032031
What is -378173 (base 9) in base 15?
-47d03
Convert 210001102 (base 3) to base 16.
3bf3
Convert -655103 (base 7) to base 14.
-2daaa
Convert -1011000100010111 (base 2) to base 3.
-2022012002
3310102 (base 9) to base 13
4a3450
What is -5263892 (base 11) in base 15?
-c3277a
a9135 (base 12) to base 13
7a714
Convert -302aa96 (base 11) to base 10.
-5358590
What is 311022133 (base 4) in base 2?
110101001010011111
Convert 1700130 (base 8) to base 4.
1320001120
Convert -513920 (base 10) to base 8.
-1753600
Convert 100200313 (base 4) to base 10.
67639
Convert -734331 (base 9) to base 5.
-102424323
Convert 12010123132 (base 4) to base 16.
1846de
What is c882c (base 14) in base 8?
1662310
-11601 (base 12) to base 6
-300001
Convert a3112 (base 12) to base 15.
43052
-91a26 (base 14) to base 13
-c36b2
Convert -215254044 (base 6) to base 9.
-7286401
Convert -4112940 (base 12) to base 13.
-26ba487
What is -100111010101011010110010 (base 2) in base 4?
-213111122302
-23322220 (base 4) to base 12
-242b4
-72924 (base 11) to base 12
-515b4
Convert -101b57 (base 12) to base 13.
-8aa4b
What is a3d48 (base 15) in base 16?
7ecc8
Convert 22254113 (base 6) to base 4.
2211010131
What is 11011111010110101 (base 2) in base 4?
123322311
Convert 109b77 (base 12) to base 16.
40f4b
42031434 (base 7) to base 15
49d10c
Convert -1469a55 (base 11) to base 8.
-11463574
Convert -236826 (base 11) to base 8.
-1334337
Convert -1221110200120 (base 3) to base 4.
-3330020331
What is 1551236 (base 11) in base 16?
2875f1
Convert -38967 (base 11) to base 7.
-321326
Convert -1366133 (base 8) to base 5.
-44410222
Convert -1222556 (base 7) to base 9.
-258365
635781 (base 9) to base 2
1011100010110010110
34031352 (base 6) to base 3
1221100211012
Convert -4355 (base 7) to base 5.
-22214
Convert 1011211344 (base 5) to base 15.
2a88b9
Convert 164371 (base 14) to base 16.
be6cf
What is 137b04 (base 12) in base 14?
864a8
5214243 (base 6) to base 16
3d4d3
-40cbf (base 16) to base 3
-111111001220
What is -31514004 (base 6) in base 8?
-3423424
Convert 11173736 (base 8) to base 16.
24f7de
What is -10203401 (base 5) in base 9?
-138348
What is -1b8ad (base 14) in base 6?
-1301321
134c104 (base 13) to base 10
6081469
What is -110002122121221 (base 3) in base 15?
-87008d
33bb (base 15) to base 5
322401
-1010100101000010000 (base 2) to